se 7
41655004
What is -50522 (base 12) in base 4?
-121133222
What is -12a604c (base 14) in base 2?
-100010010110101100110100
Convert -1001111011101101101 (base 2) to base 11.
-2025a6
770803 (base 9) to base 15
91416
What is 1604106 (base 7) in base 11?
140256
Convert 104441443 (base 5) to base 12.
1a7071
What is 34120a (base 14) in base 5?
423122112
135414100 (base 7) to base 15
baa71a
What is -156650 (base 7) in base 14?
-b527
What is 3639916 (base 10) in base 8?
15705154
Convert -aa218 (base 12) to base 9.
-372512
What is -19a877 (base 13) in base 9?
-1203040
32332021113 (base 4) to base 16
3be257
What is -2651520 (base 8) in base 9?
-1351123
What is 118ad (base 15) in base 7?
322105
-1234101000 (base 5) to base 15
-3ee1a0
What is 112030133 (base 4) in base 9?
147632
Convert 300110 (base 6) to base 14.
8734
What is -10010010111100011101 (base 2) in base 4?
-2102330131
Convert -3131333110 (base 4) to base 7.
-10504633
Convert 9b6a0 (base 14) to base 9.
634430
What is -6276c (base 13) in base 9?
-288753
Convert c66b4 (base 13) to base 5.
42411300
What is -20122012210 (base 3) in base 6?
-2444503
Convert -606452 (base 7) to base 4.
-121023131
-135692 (base 14) to base 3
-1020221110022
Convert 424520225 (base 6) to base 5.
3410202041
What is 12a547 (base 12) in base 15?
61574
157824 (base 10) to base 16
26880
Convert 1012001331 (base 5) to base 14.
3b9a0c
What is -1012100410 (base 5) in base 14?
-3bab62
What is -7253 (base 16) in base 3?
-1111010222
-1414222322 (base 5) to base 7
-43100320
2d260d (base 14) to base 6
53522501
153251135 (base 6) to base 10
3241571
What is 10146342 (base 9) in base 16?
4a5ad5
c18360 (base 13) to base 10
4502238
What is -311228 (base 9) in base 3?
-100101020222
516076 (base 8) to base 11
107589
Convert 42293 (base 12) to base 3.
11102001210
Convert -8022 (base 11) to base 15.
-3267
-b0794 (base 12) to base 3
-102122102111
-8292a (base 11) to base 6
-2331435
What is -740904 (base 15) in base 9?
-11343204
Convert 72780 (base 15) to base 16.
58944
-1708a78 (base 12) to base 5
-2203240124
Convert 111110000101110001011 (base 2) to base 12.
8214b7
-43247b (base 14) to base 3
-11021110212102
What is -2c0a3 (base 14) in base 5?
-12004103
What is 12122334 (base 5) in base 15?
23c14
Convert -1111000011110110101111 (base 2) to base 10.
-3947951
What is 576456 (base 12) in base 5?
324302242
Convert -1001000010110110010 (base 2) to base 13.
-a4b89
Convert 12033354 (base 6) to base 2.
1011100010001000110
What is -605957 (base 10) in base 13?
-182a71
Convert 2235643 (base 10) to base 15.
2e262d
100231331 (base 4) to base 5
4142402
Convert 39a12 (base 13) to base 14.
2b0a5
What is -510360 (base 8) in base 12?
-813a8
What is -782b84 (base 12) in base 5?
-442202402
What is -170b4 (base 12) in base 15?
-9b7d
Convert -2e5a (base 15) to base 6.
-114121
What is -10010331 (base 6) in base 12?
-1169a7
Convert b21b7 (base 12) to base 15.
48a5a
Convert 762210 (base 8) to base 9.
427847
Convert c9f4b (base 16) to base 13.
22c698
What is 111202302 (base 4) in base 2?
10101100010110010
What is 32031200 (base 4) in base 3?
2221211212
What is 32840a (base 12) in base 6?
25110414
Convert -130341313 (base 5) to base 3.
-1012100220200
Convert 1856a1 (base 11) to base 6.
10042315
813416 (base 9) to base 11
2a9819
-5321663 (base 7) to base 9
-1181542
Convert -11576710 (base 8) to base 5.
-1123232321
What is 12312331 (base 5) in base 11?
81a43
What is 884730 (base 10) in base 9?
1587553
41438a (base 12) to base 2
11111001111000011010
What is -131403 (base 5) in base 8?
-12154
What is 122101122002 (base 3) in base 14?
8caa6
3522311 (base 8) to base 9
1722401
Convert 2465050 (base 9) to base 14.
26d18a
-804307 (base 9) to base 13
-1385c5
What is -112121020003 (base 4) in base 9?
-12036214
-223894 (base 11) to base 8
-1270140
Convert -109708 (base 11) to base 9.
-284465
Convert -48149a (base 12) to base 7.
-12614350
41424642 (base 8) to base 15
b8a2a7
2021222222010 (base 3) to base 15
19189c
-148997 (base 10) to base 14
-3c429
What is 111000022022 (base 4) in base 12?
1a161a2
Convert 1154024 (base 9) to base 12.
2624a1
What is 21022333 (base 5) in base 8?
522634
Convert 530113 (base 7) to base 2.
10110010010100001
Convert 679894 (base 12) to base 4.
12110002300
What is 13e84a (base 15) in base 12?
3a392a
What is -9d8cb2 (base 14) in base 12?
-19683b8
What is 170251 (base 9) in base 4?
121223200
-76580 (base 11) to base 14
-2c726
2933a9 (base 13) to base 5
224204442
Convert 22240331 (base 6) to base 16.
a48ff
-1001021002 (base 4) to base 5
-32014233
-131230210100 (base 4) to base 16
-76c910
Convert 14cb948 (base 13) to base 12.
22a2011
What is -127395 (base 14) in base 8?
-2327327
-1101013100 (base 4) to base 7
-2552426
What is 201031343 (base 5) in base 16?
c30fd
What is 5b077 (base 12) in base 11?
84278
What is -303213310321 (base 4) in base 14?
-1b23933
Convert 75012 (base 13) to base 5.
23222202
What is 3a32e (base 15) in base 12?
8ba08
1889576 (base 11) to base 12
1099b18
17754288 (base 9) to base 15
bbc842
What is 111011000101001110101 (base 2) in base 5?
443422424
210221011112 (base 3) to base 4
1221121022
Convert -1a4240 (base 14) to base 12.
-390200
-64d79 (base 16) to base 12
-17b049
What is -202222002021112 (base 3) in base 2?
-101010100000010001011111
What is 21202120212210 (base 3) in base 9?
7676783
What is -123300223 (base 4) in base 8?
-336053
-35112035 (base 7) to base 6
-145553402
4191305 (base 11) to base 8
34117433
d233a1 (base 15) to base 7
150602044
-155a8b1 (base 13) to base 3
-110212222210212
Convert -232322012 (base 4) to base 15.
-3bdde
b551b (base 15) to base 10
574901
-1104020341 (base 5) to base 2
-1001001011110010101100
Convert -10132012233 (base 4) to base 3.
-2012112112020
-1e45c (base 15) to base 11
-68305
What is -69a55 (base 11) in base 9?
-163607
d51bcd (base 16) to base 6
1215202421
What is 4127995 (base 11) in base 12?
2535093
What is 84776 (base 13) in base 4?
322033130
10550560 (base 10) to base 14
1588d56
Convert 20211211012 (base 3) to base 14.
3715d
What is -1804c4a (base 14) in base 5?
-11013024042
Convert 489238 (base 10) to base 9.
825087
What is -a03126 (base 12) in base 4?
-21200303232
9243a (base 12) to base 16
2e8ee
Convert 104235024 (base 6) to base 8.
7145070
Convert 296aa3 (base 13) to base 5.
224432030
What is -2021010312 (base 4) in base 8?
-2110466
Convert -202211222022 (base 3) to base 13.
-114a5b
-13024213 (base 5) to base 11
-87300
Convert 10110111000111010000011 (base 2) to base 8.
26707203
2323112033 (base 5) to base 8
24122624
Convert -123231012 (base 4) to base 16.
-1bb46
Convert 60989 (base 14) to base 9.
383681
Convert -10a0975 (base 11) to base 12.
-786746
-62946 (base 10) to base 8
-172742
What is -152176 (base 9) in base 2?
-10110110100010110
Convert -1001e8 (base 15) to base 13.
-207ac7
Convert -2a53d (base 15) to base 7.
-1105015
What is 12113b6 (base 12) in base 10?
3506682
Convert -27581 (base 12) to base 7.
-314362
What is -99789 (base 12) in base 8?
-615031
What is 1020225 (base 9) in base 7?
4426121
193926 (base 14) to base 3
1200101210020
What is 3272b6 (base 13) in base 5?
300434432
33013110 (base 7) to base 9
5278000
What is -1054457 (base 9) in base 11?
-358444
Convert eab0e (base 15) to base 3.
1101211221012
What is 120244502 (base 7) in base 15?
9c45ee
Convert -3625863 (base 9) to base 10.
-1966089
100001010110010001011 (base 2) to base 16
10ac8b
8123c3 (base 15) to base 3
102112121012210
What is 70610 (base 13) in base 14?
5333c
-2122023031 (base 4) to base 2
-10011010001011001101
What is -85b3 (base 14) in base 12?
-11441
What is -202122120000 (base 3) in base 10?
-406458
Convert -250205 (base 8) to base 9.
-141151
12300021 (base 4) to base 2
110110000001001
130a78 (base 14) to base 16
9ff22
-12310131233 (base 4) to base 6
-102152355
-36255040 (base 7) to base 9
-6053304
What is -173628 (base 9) in base 4?
-122102123
What is 44121 (base 15) in base 2?
110100110011000000
Convert 33521101 (base 8) to base 4.
123222021001
21220221211 (base 3) to base 2
100110000101000110
Convert -58cca (base 14) to base 2.
-110100110111110010
What is -251344524 (base 6) in base 5?
-2214211030
Convert 132024201 (base 5) to base 12.
278997
Convert 4227927 (base 10) to base 11.
2428560
-1a08d